35 = -5*o - 5*q, 5*q - 108 = -o + 3*o. Let r = 43 - o. What are the prime factors of r?
2, 23
Let p(y) be the first derivative of -y**2 - 13*y + 1. Let v be p(-15). Suppose -v = -z + 12. What are the prime factors of z?
29
Suppose 3*p - 4*w = 310, -p - 2*p + w = -316. What are the prime factors of p?
2, 53
Suppose -4 = 4*i - 16. Let b = i - -6. List the prime factors of b.
3
What are the prime factors of (-12 - 277)/((0 - 1)/1)?
17
Suppose 21 = 3*x - x + 3*d, x - 3 = -3*d. Suppose -o + 8 = 2*n, -o - 2*o + x = 3*n. Suppose 3*a - 3 = n*a. List the prime factors of a.
3
Suppose 5*a - 38 + 3 = 0. Suppose -4*y + 7*j - 2*j = -79, y - a = -3*j. List the prime factors of y.
2
Suppose 0 = 3*k + 6*v - 4*v - 1802, 5*k - 5*v = 3020. What are the prime factors of k?
2, 7, 43
Suppose -7*s - 65 = -8*s. Let i = s - 33. List the prime factors of i/1 + -4 + 5.
3, 11
Suppose 0 = 5*c + t + 179, -2*c - 2*t = -7*t + 77. Let v = 50 + 4. Let p = v + c. What are the prime factors of p?
2, 3
What are the prime factors of ((-9074)/(-4))/13*4?
2, 349
Suppose i = 5*i - 132. Suppose z + w = -z + 17, 4*z + w - i = 0. List the prime factors of z/(-28) + (-100)/(-7).
2, 7
Let o(w) = -10*w**3 + 2*w**2 - 4*w + 17. What are the prime factors of o(-4)?
3, 5, 47
Suppose -3*x - 2*m = 12, 4*x + 2*m = -17 + 1. Let r = -2 - x. Suppose f - 5*f = -2*d + 40, f = r*d - 49. List the prime factors of d.
2, 13
Suppose 5*c - 12535 = 5*a, -5*c + 4*a = -10*c + 12490. What are the prime factors of c?
2, 3, 139
Suppose -12 = -3*h - 0. Suppose -4*q + 476 = -0*q - 4*n, 5*n - 521 = -h*q. Let j = 180 - q. What are the prime factors of j?
2, 7
Let n be (-10)/4*(-4)/30*6. Suppose 65 = 2*h - 3*g, 73 = -0*h + n*h + 5*g. What are the prime factors of h?
2, 17
Suppose 5*a = -58 - 282. Suppose -2*w - 284 = -4*w. Let u = w + a. List the prime factors of u.
2, 37
Let i(v) = -2*v**3 - 11*v**2 + 2*v + 5. Let q(j) = 3*j**3 + 21*j**2 - 4*j - 10. Let r(g) = 5*i(g) + 3*q(g). What are the prime factors of r(4)?
3, 17
What are the prime factors of ((-4692)/(-238))/(2/371)?
3, 23, 53
Let o(y) = -y**3 + 1 + 2*y**3 + 5*y**2 - 10*y - 2*y**3 + 8. Let t be o(6). Let v = 137 + t. What are the prime factors of v?
2, 5
Let q(u) = 8*u**2 - 44*u - 282. What are the prime factors of q(-8)?
2, 3, 97
Let w(j) = 2781*j**2 - 20*j. What are the prime factors of w(-1)?
2801
Let h(b) = -b**3 + 19*b**2 + 19*b - 1. List the prime factors of h(11).
2, 3, 7
Let v be (-2 - -11)*(-38)/(-3). Suppose 13 = -a + v. List the prime factors of a.
101
Let n = -11 - 57. Let q = 128 + n. Suppose q = 2*l + 2*l. What are the prime factors of l?
3, 5
Let y = 116 - 82. Suppose y = 7*h - 6*h. What are the prime factors of h?
2, 17
Suppose -d - 2*d = -2*r - 2020, -2*r + 2684 = 4*d. What are the prime factors of d?
2, 3, 7
Let f(t) = 4*t**2 - 6*t - 99. List the prime factors of f(8).
109
What are the prime factors of (80/6)/((-38)/(-798))?
2, 5, 7
Let a(d) = 1340*d - 361. List the prime factors of a(3).
3659
Suppose 10077 = 5*f + 3*w, -3*f = -8*w + 13*w - 6059. List the prime factors of f.
3, 11, 61
Suppose 3*p - 3*m + m - 81 = 0, -3*m = -p + 20. Suppose 0 = 3*b - 4*j + 1 + p, -2*j = 0. List the prime factors of (-224)/b - 2/5.
2, 11
Let z(v) = 2*v**3 - 10*v**2 + 3*v - 29. What are the prime factors of z(6)?
61
Let d = -51 - -86. Let a = 11 + d. Suppose a = -r + 3*r. List the prime factors of r.
23
Let f(y) = -6*y - 30. Let t be f(-5). Suppose -s + 2*x + 30 = x, -3*s + 2*x + 89 = t. List the prime factors of s.
29
List the prime factors of (-4)/(-12) - ((-1032)/9)/4.
29
Let c(l) = 7*l**2 - l + 1. Let i(a) = -3*a + 22. Let n be i(9). Let g be (-80)/50 + 2/n. What are the prime factors of c(g)?
31
Let u = -873 - -1990. Suppose -5*q + u = 2*m, -5*q + m + 1507 - 393 = 0. What are the prime factors of q?
223
Let o be (5/((-50)/(-15)))/((-1)/(-2)). Suppose -r - 3*d = -176, -790 = -4*r - r + o*d. List the prime factors of r.
7, 23
Let b = -142 - -161. What are the prime factors of b?
19
Let t = -215 - -859. List the prime factors of t.
2, 7, 23
Suppose -65*f + 56*f + 18711 = 0. What are the prime factors of f?
3, 7, 11
List the prime factors of ((-1389)/12)/((-2)/40*5).
463
Suppose -2*m = 3*g - 3*m - 2700, 0 = -2*g + m + 1799. List the prime factors of g.
17, 53
Suppose 26*g - 26285 = -9*g. What are the prime factors of g?
751
Let w(g) = 2*g - 8. Let b be w(6). Suppose -4*k + 0*k = b*u, 3*u - 8 = -5*k. Suppose 0 = -m + 24 + k. What are the prime factors of m?
2, 7
Let c = 1131 - -513. What are the prime factors of c?
2, 3, 137
Let h = 5866 + -1936. List the prime factors of h.
2, 3, 5, 131
Let i(n) = n + 1. Let m(q) = q**2 - 6*q - 1. Let z(k) = i(k) + m(k). Let s be z(5). Let r(g) = g**2 + g + 54. What are the prime factors of r(s)?
2, 3
Let j = -15 - -20. Suppose -3*r + 8*r = -5*b + 140, 3*r = -j*b + 144. What are the prime factors of b?
2, 3, 5
Let g(k) = 2*k**2 + 12*k + 13. Let z be g(-9). Let r = 131 - z. What are the prime factors of r?
2
Let o = 5 + -1. Suppose -4*s - o = 2*t, 0 = 2*t - 5*s + 4*s + 19. Let l = t + 24. What are the prime factors of l?
2
Suppose -2*m - 119 = -3*m. List the prime factors of 986/m - 4/14.
2
List the prime factors of (102/(-9))/((-11)/99).
2, 3, 17
Suppose 0 = 5*i + 32 - 32. Suppose i = 2*p - 4*o + 10 - 356, -2*p = 3*o - 339. What are the prime factors of p?
3, 19
Let h be 0 - (0/(-1) - 124). Let l = h + -199. List the prime factors of (l/(-20))/(3/40).
2, 5
Let z be -2 - -4 - (7 - 9). Suppose 5*k - 18 = -x, 3*x - 6 = 5*x - z*k. Suppose -5*n + 151 = x*t, 0 = n - t - 4 - 23. What are the prime factors of n?
29
Suppose -2*j + 0 + 34 = -3*b, 0 = -2*b + 3*j - 26. Let p = b - -11. Suppose -2*h + p + 23 = 0. List the prime factors of h.
2, 3
Let s(h) = 6*h**2 - 15*h - 15. List the prime factors of s(-13).
2, 3, 199
Suppose -5*b - 59 = 3*p, -5*p + 9 = 5*b + 104. Let s = -60 - p. Let h = 75 + s. List the prime factors of h.
3, 11
What are the prime factors of (-2 - -3)/(5/395)?
79
Let p(d) = d**2 + 2*d - 4. Let h be p(-4). Suppose -2*c - h = -5*q, c = 4 - 6. Suppose 2*b + 4 - 24 = q. List the prime factors of b.
2, 5
Let x(z) be the third derivative of z**6/120 - z**5/10 + 5*z**4/8 + z**3/3 - 31*z**2. What are the prime factors of x(7)?
2, 3, 13
What are the prime factors of ((-11658)/(-12))/((-1)/(-2))?
29, 67
Let z = 1271 - -2462. List the prime factors of z.
3733
Let k = -1036 - -2199. List the prime factors of k.
1163
Let z = -1697 + 2602. List the prime factors of z.
5, 181
Suppose 5071 + 1949 = 18*l. List the prime factors of l.
2, 3, 5, 13
Let v(j) = -j**3 + 3*j**2 - 1. Let g be v(2). Suppose -4*a + s - g = -5*a, -s = -a - 1. What are the prime factors of (-252)/(-10) + a/(-5)?
5
Suppose -4*f = 3*i + 182, 5*f + 371 - 130 = -4*i. Let y be 1290/27 + (-12)/i. Suppose -r = r - y. What are the prime factors of r?
2, 3
Let k(b) be the third derivative of -10*b**2 + 0*b + 1/30*b**5 + 2/3*b**3 + 1/8*b**4 + 0. What are the prime factors of k(3)?
31
Let w(j) = 2*j**2 + 9*j + 4. Let n be w(-4). Suppose -2*s - 6*y = -y - 527, n = -5*s + 5*y + 1230. What are the prime factors of s/4 + 14/56?
3, 7
What are the prime factors of 1*-3 - 2138/(15 + -17)?
2, 13, 41
What are the prime factors of (3 - (1 - -5)) + 726?
3, 241
Let u(z) = z**3 - 10*z**2 + z - 7. Let a = -3 - -11. Suppose t = -3*s + 31, -3*s + a = -t - 21. What are the prime factors of u(s)?
3
Let a(y) = 81*y + 194. List the prime factors of a(5).
599
Let d = 63 - 27. Suppose d = 4*c + 2*z, -c = 5*z - 32 + 5. List the prime factors of c.
7
Suppose -3*o - 84 = -5*c, 0*o = -2*o - 6. Let d = 12 + c. What are the prime factors of d?
3
Let q be ((-2)/2)/((-5)/215). Suppose -4*w + 77 = -q. Suppose z - w = -2*z. List the prime factors of z.
2, 5
Let m(g) = 5*g**2 + g + 6. Let a = -25 - -21. What are the prime factors of m(a)?
2, 41
Suppose -5*z - 61 - 233 = -2*i, 4*z + 769 = 5*i. Let s = i + -40. List the prime factors of s.
3, 13
Let l(h) = -6*h**2 + h + h**2 - 7*h**2 + 11 - h**3. Let s be l(-12). List the prime factors of s/(-2) - 84/(-8).
11
Suppose -5*j + 4 = -2*t - 2*t, -j - 2*t + 12 = 0. Suppose 3*v + 103 = -2*w - 0*w, j*w - 3*v = -197. Let f = w + 75. List the prime factors of f.
5
List the prime factors of (-9)/(-6)*(-4192)/(-24).
2, 131
Suppose 10 = 3*j - j. Let c(p) = p**3 - 2*p**2